t is the highest common divisor of y and 266?
38
Let n = 54785 - 29785. Calculate the greatest common divisor of 8 and n.
8
Let p(z) = 2*z**3 - 21*z**2 + 19*z - 8. Let u(o) = o**3 + o**2 - o - 2. Let b(k) = -p(k) + u(k). Let g be b(21). What is the highest common divisor of g and 72?
9
Let z be 9 - 1 - (9 + -14)*(-9 + (-1008)/(-45)). Suppose 0 = w - 0 - 3. What is the highest common divisor of w and z?
3
Let d(g) = -g**2 + 9*g + 10. Let x be d(10). Let y = 142 - 116. Suppose x = k - 14 - y. What is the highest common divisor of k and 8?
8
Let m(r) = -r**3 - 6*r**2 + 6*r. Let p be m(-5). Let d = -51 - p. Let a(z) = 55*z - 33. Let n be a(d). What is the greatest common divisor of 17 and n?
17
Let h = 19 - 2. Suppose -17*c = -89*c + 19584. What is the greatest common factor of h and c?
17
Let x(i) = 3*i**2 + 36*i + 75. Let f be x(-12). Let u = 89 - f. What is the highest common divisor of u and 6?
2
Let j be (-20)/(-330) - 2760/(-198). Let l(z) = 181*z**3 + 2*z - 1. Let x be l(1). What is the highest common factor of j and x?
14
Suppose u - 5*u + 24 = 0. Let c be (-18 - -13)/((-2)/4 - -1). Let g be (-20)/(-15)*(-315)/c. What is the highest common factor of g and u?
6
Let u(q) = -2688*q**3 - q**2 + 37*q + 36. Let r be u(-1). What is the greatest common factor of r and 238?
34
Suppose -72 + 115 = 4*z + i, -3*z + 4*i = -18. Calculate the highest common divisor of 215 and z.
5
Let o(q) = 2*q**3 + 28*q**2 - 54*q - 28. Let k be o(5). What is the highest common factor of k and 3423?
163
Suppose -14*h + 4*h = -80. Suppose -2*f - x + 165 = 9, -h = 2*x. Let r = -37 + 69. What is the highest common divisor of r and f?
16
Let m(a) = a**3 - 71*a**2 + 148*a - 688. Let n be m(69). What is the greatest common factor of 643 and n?
1
Let g be 292/4380 + (-263099)/(-15). What is the highest common factor of 60 and g?
20
Let t(g) = -602*g + 22. Let d be t(-2). Suppose 9*z = 349 + d. Calculate the highest common divisor of z and 50.
25
Suppose v = -2*w + 30 + 12, -3*v + 129 = 5*w. Suppose r - 70 = 4*u - 0*u, 0 = -5*r - 5*u + 275. Let t = r - 46. What is the highest common divisor of t and v?
12
Suppose 0 = 4*y - 4*z - 8366 + 1018, -4*y + 7354 = -2*z. What is the highest common factor of y and 80?
80
Let k be 13*4/16 + (-3)/12. Let v be 9/k*(-9 - -14). What is the greatest common factor of v and 255?
15
Suppose 154064 - 154478 = -3*k. Calculate the highest common divisor of 6716 and k.
46
Let g be ((-1144)/176)/((-1)/(1 - -5)). Suppose -c + 7 = 1. What is the greatest common factor of g and c?
3
Suppose 4335 - 1651 = 115*x + 7*x. Calculate the greatest common divisor of x and 200.
2
Suppose -8*p + 20 = -131 - 97. Calculate the highest common factor of p and 11377.
31
Let c be 1*((-4)/(-6) - (-5695)/(-15)). Let n = c + 487. What is the greatest common divisor of 4 and n?
4
Suppose 5*t = 5*u - 2265, -2*u - 2821 = 5*t - 584. Let o = -364 - t. Calculate the greatest common factor of 187 and o.
17
Let q(v) = 5*v - 30. Let p be q(7). Suppose -i - 9 + 28 = p*u, -4 = -4*u + 2*i. Let x be 33 + -1*u + 4 + -4. Calculate the greatest common factor of 330 and x.
30
Let d be (4 - (-1029)/15)/((-30)/(-750)). What is the greatest common divisor of d and 135?
15
Let p be 7868/1967 - (-3)/(-4)*1*-4. Suppose -3*m - 5 + 4 = -2*y, 0 = -y + 2*m + 2. Let u be 2/8 - 111/y. Calculate the greatest common divisor of p and u.
7
Suppose 28 - 31 = -m. Suppose 4*s - 234 = r + 7, 0 = -m*s - 5*r + 175. Suppose -3*b = -8*b + s. What is the highest common divisor of 72 and b?
12
Let u = 51443 + -51201. Let x = 241 + -155. Let g be (-2)/(-4) - x/(-4). What is the greatest common divisor of g and u?
22
Suppose -6*u + 49 = 7. Let j(k) = -k**2 + 7*k + 7. Let t be j(u). Let q = -317 + 331. What is the greatest common divisor of t and q?
7
Let h(p) = 2*p**2 + 8*p + 3. Let k be h(-6). Let r be (-582)/6111 + ((-6)/252)/(2/(-2276)). Calculate the highest common divisor of k and r.
27
Let a(z) = -z. Let j be a(-2). Let n be 1/2*12/j. Suppose -3*l = -3*q + 279, q - 181 = -q + n*l. What is the greatest common divisor of q and 14?
14
Let t(w) be the first derivative of -w**4/4 - 29*w**3/3 - 2*w**2 - 90*w + 103. Let n be t(-29). What is the highest common divisor of 286 and n?
26
Let t(z) = -4*z**3 + 26*z**2 + 47*z + 393. Let m be t(-11). Calculate the highest common factor of 39 and m.
39
Let g(u) = 2*u - 2. Let d be g(3). Let c(o) = 2*o**3 - 7*o**2 - o - 2. Let n be c(d). Let y = 19 - n. What is the greatest common divisor of 99 and y?
9
Let w = -11 + 13. Suppose w*d - 186 = -d. Suppose -4*c = a - d, 19 + 35 = 4*c - 3*a. What is the greatest common factor of 5 and c?
5
Let w(t) = 9*t**2 - 2*t + 7. Let f be w(3). Let p = 112 - f. Let r be 618/p - (-4)/10. Calculate the greatest common factor of 14 and r.
7
Let l be ((-24)/(-28))/(9/42). Suppose 2*t - 24 = -4*v, t + 0*v + 18 = l*v. Let c be 3015/60 - t/8. What is the highest common factor of c and 125?
25
Suppose -i - 73 = -3*n, 3*n + 3*i - 32 = 49. Let z be ((-27)/(-12))/(1995/(-500) + 4). What is the highest common factor of n and z?
25
Suppose -1427 + 452 = -w - 4*v, w = -2*v + 991. What is the highest common divisor of 424 and w?
53
Let b(i) = i**3 - 9*i**2 - 14*i + 19. Let x be b(10). Let n(h) = -9*h - 138. Let s be n(x). Calculate the highest common factor of 102 and s.
51
Let v be 3/((-40)/10 - 354/(-88)). Suppose -31*p = -37*p + v. What is the highest common divisor of p and 44?
22
Suppose -2*q = 8, h - 64 = 2*q - 22. Calculate the highest common factor of h and 8942.
34
Let i = -553 + 1167. Suppose 17*j - i - 15 = 0. Calculate the highest common divisor of j and 407.
37
Let y be -7 - (-1 + -9 + -50). Calculate the greatest common divisor of y and 1431.
53
Suppose b - 4*b + 3 = 0. Suppose 0 = -y - g - b, 0*g - 11 = -y + 3*g. Let m be 16*(21/(-49) + 52/56). What is the highest common divisor of m and y?
2
Let g be (7276/8 + 4)*52/78. Calculate the highest common divisor of 63 and g.
21
Suppose -4*o = 5*h - 21, -2*h + 5*o + 20 = h. Let z(v) = -18*v + 243. Let q be z(14). Let i be 15/6*-2*q/1. Calculate the highest common divisor of h and i.
5
Suppose 4*f = -4*i + 312, 10*f + 333 = 4*i + 7*f. Suppose 82*v - 153 = i*v. What is the highest common divisor of v and 17?
17
Suppose -449*q + 62134 = 263*q - 17610. Let s(r) = -12*r - 8. Let c be s(-6). What is the highest common divisor of c and q?
16
Suppose 2270 = 46*f - 490. Suppose 5*r - 3*d = 37, 5*r - d - 31 - 8 = 0. What is the highest common factor of r and f?
4
Let d(y) = 44*y - 84. Let p be d(11). Suppose m + 5*k - 188 = 0, -2*m - 2*k = -4*m + p. Let i = 12 + 10. What is the highest common factor of m and i?
22
Let p(r) = -r - 36. Let z(i) = 2*i + 107. Let n(w) = -8*p(w) - 3*z(w). Let h be n(18). Suppose -60 = -h*d + 3. Calculate the highest common factor of 168 and d.
21
Suppose 0*p - 3*p - 320 = -2*u, u = 3*p + 160. Suppose -16*j + 20 = -14*j. What is the highest common divisor of u and j?
10
Let t(h) = -150*h**3 - 3*h - 3. Let g be t(-1). Suppose 13*a = 760 + g. Calculate the highest common divisor of 378 and a.
14
Let r = -22 + 50. Suppose 16*a = -4 + 228. Calculate the greatest common factor of a and r.
14
Let z be (-270)/1080 + 434/8. Calculate the highest common factor of z and 642.
6
Let t = 59 + -32. Suppose -215 = 8*l - 247. Suppose l*n + 51*a - 56*a - 1168 = 0, -2*a + 305 = n. What is the highest common factor of t and n?
27
Let h = 500 - 479. Suppose 1242 = 4*t - h*u + 20*u, -u = 5*t - 1548. Calculate the greatest common divisor of t and 186.
62
Let m(g) = -18*g - 6. Let i be m(-5). Suppose -79*o - 136 = -61 - 1023. Calculate the greatest common factor of i and o.
12
Suppose 12681 + 4679 = 5*a - 4*n, 3*a = -4*n + 10384. Calculate the greatest common divisor of 36 and a.
12
Let b = 236 + -234. Let u be ((-14)/21 + b)/((-1)/(-60)). Calculate the highest common factor of u and 32.
16
Suppose 4*d = g + 2*d - 333, -5*d + 1397 = 4*g. Suppose 2*u + 23 = g. What is the greatest common factor of u and 400?
80
Suppose 0 = -189*v + 202*v - 208. What is the greatest common divisor of 4016 and v?
16
Let n be (-24)/(-60)*(-3)/(6/10) - -3. What is the highest common divisor of n and 823?
1
Let k be (26 - 26 - 12) + 1*1522. Calculate the highest common factor of k and 60.
10
Suppose 0 = 14*u + 40*u - 3726. S